8*q, -h - 4 = 2*q. What is the greatest common divisor of 39 and h?
1
Let o = 13 - 9. Suppose 2 - 10 = -o*h. Suppose -7 = 3*l - 19, -3*l = -2*j + 4. Calculate the greatest common divisor of j and h.
2
Let n be (7 - (3 - 0)) + 96. Let j(r) be the first derivative of -2*r**2 - 10*r + 2. Let h be j(-5). Calculate the highest common divisor of n and h.
10
Suppose 4*f - 3*x - 41 = 0, 3*f - 4*x = 2*f + 20. Suppose -13*u + 12*u = -f. Suppose 5*r = u*r - 24. Calculate the greatest common divisor of r and 8.
8
Let l be (3 - 0 - 6)/(-1). Let x = -23 - -9. Let i be (-35)/x*l*4. Calculate the greatest common divisor of 75 and i.
15
Suppose 0 = -2*o + 3*q - 2*q + 537, 5*o - q - 1338 = 0. Let g = o + -203. Let n be -32*(-5 + 0) - 0. Calculate the greatest common divisor of g and n.
32
Let v be (2*8/12)/(2/81). Let o(r) = r**3 + 7*r**2 + 2*r + 5. Let x be o(-6). Let n = x - 11. What is the highest common divisor of n and v?
18
Suppose 5*i - 253 = 47. Suppose -120 = -5*v - j, 2*v - 4*j - 15 - 33 = 0. Calculate the highest common factor of i and v.
12
Let q = 361 + -359. What is the greatest common divisor of q and 104?
2
Let n = -69 + 73. Suppose n*o + 20 = -o, 0 = -5*a + 3*o + 107. What is the highest common divisor of 209 and a?
19
Suppose -7*j - 43 + 274 = 0. What is the greatest common factor of j and 12?
3
Suppose 5*u - 12 = 2*u. Suppose u*m - 166 = -22. What is the greatest common factor of 90 and m?
18
Suppose -16*w + 845 = 205. Calculate the greatest common factor of w and 1240.
40
Suppose -4*p = 2*z - 72, 2*z + p - 5 = 61. Calculate the highest common factor of 4 and z.
4
Suppose -22 = -0*b - 2*b + 5*a, 4 = b + a. Let m(r) = -14*r - 18. Let o be m(-3). Calculate the highest common divisor of b and o.
6
Let j = 4 - -10. Let m = -9 + j. Suppose m*r + 2*w = 145, 2*w = -r - 3*w + 29. Calculate the highest common factor of r and 87.
29
Let p be ((-46)/(-18))/((-3)/(-27)). What is the greatest common factor of p and 1?
1
Let b be 23 + 4*(-15)/(-12) + -7. Calculate the greatest common divisor of 28 and b.
7
Let m be 117/(-52)*(-220)/3. Calculate the greatest common factor of m and 99.
33
Let v(h) = h - 8. Let c be v(11). Suppose 10*s = c*s + 56. Calculate the highest common factor of 1 and s.
1
Suppose 55*j = 54*j + 108. Let s be (-4)/14 - 258/(-21). What is the highest common factor of j and s?
12
Let q be (2/6)/((-6)/(-108)). Suppose -7*y + 5*w = -3*y - 74, y = -3*w + 10. Let f = 82 - y. Calculate the highest common divisor of f and q.
6
Suppose -2*t - 19 = -1. Suppose 0 = 3*h + 5*m - 16, m = 5*h + 21 - 85. Let k = h + t. Calculate the highest common divisor of k and 12.
3
Suppose -22*s = -41*s + 38. Let j be (4/(-2) + -12)*-1. Calculate the greatest common factor of j and s.
2
Let r(q) = -48*q**3 - 2*q - 1. Let h be r(2). Let l = h - -276. Let u = -14 - l. Calculate the highest common factor of u and 11.
11
Let o = 160 - 157. Let w = 2 + 2. Suppose 0 = -w*m - 36 + 168. Calculate the greatest common divisor of o and m.
3
Suppose 7*c = 8*c - 2*u - 17, 3*u + 15 = 0. Calculate the greatest common divisor of 707 and c.
7
Let w(u) = -u**2 + 7*u - 8. Let o be w(5). Suppose 55 = -o*c + 79. What is the greatest common factor of 96 and c?
12
Suppose 4*d = -3*l + 281, 0*l = 3*d + 4*l - 216. Let h(p) = -4 + 3 - 1 - p**2 + 1 + 9*p. Let x be h(6). What is the greatest common factor of x and d?
17
Suppose -628 = 2*b - 662. Let f be (-1869)/1 + 3 + -2. Let z be f/(-10) + (-3)/(-15). What is the highest common divisor of z and b?
17
Suppose -109 = 4*d + 5*h, d - 38 = 4*d - 5*h. Let i = d + 57. What is the highest common factor of i and 60?
12
Suppose -4*p = p - 10. Let u be 29/p*(1 - -5). Calculate the greatest common divisor of 29 and u.
29
Suppose -y = 4, -u - y + 40 = -5*y. Calculate the greatest common factor of 6 and u.
6
Let w = 1 - -54. Suppose -2*h + 13 = -9. Calculate the greatest common factor of h and w.
11
Let q = -996 + 1067. What is the greatest common divisor of 1136 and q?
71
Suppose -4*z - 5 = -57. Let r be 2/1 + -4 + z. Suppose -2*l + 7*l - 5 = 0. Calculate the greatest common factor of r and l.
1
Let h(p) = -p**3 + 7*p**2 - 7*p + 2. Let u be h(5). Let w = 11 + 7. Let s be (-6)/27 + 922/w. Calculate the greatest common factor of u and s.
17
Let g(v) = v + 4. Let q be g(-2). Suppose s + 0*z - 5 = q*z, z = 2. Let b be 213/s + 1/3. Calculate the highest common factor of 72 and b.
24
Let x(s) be the second derivative of s**5/20 + 7*s**4/12 - 2*s**3/3 + 4*s**2 + 14*s. Let b be x(-7). What is the highest common divisor of 12 and b?
12
Suppose 2*x = 3*k + 399, 0 = x - 2 + 5. Let d be 4/8 - (-958)/4. Let t = k + d. Calculate the highest common divisor of 15 and t.
15
Let l = -123 + 124. Suppose 5*u - l = 4*u, -5*q + 37 = -3*u. Let n = 1 - -11. What is the highest common divisor of q and n?
4
Let j(y) = y + 11. Let g be j(-9). Suppose 0 = 3*l - g*t + 2 - 7, 3*t = -3*l. Calculate the greatest common factor of l and 9.
1
Let x = 600 - 468. What is the highest common divisor of x and 308?
44
Let v = 829 + -270. Calculate the highest common factor of v and 43.
43
Suppose -3*x - 15 = 0, 4*x = -4*t + 303 + 285. Calculate the highest common divisor of 16 and t.
8
Suppose 320 = 8*g - 112. Let p = 2 + 52. Suppose -18 = d - p. Calculate the highest common factor of g and d.
18
Let k = -70 - -110. Suppose 3*m + 33 = 4*v + 13, m - 15 = -3*v. Suppose 3*a - 6 = m, 5*a = -j - 2*j + 70. Calculate the greatest common factor of j and k.
20
Let o(t) = 2*t**3 - 19*t**2 + 10*t - 1. Let l be o(9). Suppose 0 = l*z + 4*z - 84. Calculate the highest common divisor of z and 35.
7
Suppose -p + 21 = -49. Suppose -4*i = -4*l + 88, -l - p = -5*l - 5*i. Calculate the highest common divisor of 15 and l.
5
Let n = 135 + -18. Let b = -77 + n. Calculate the greatest common divisor of b and 8.
8
Suppose 38 = 5*w + 3*o, -2 = -5*w + 4*o + 64. Let j be (-4)/20 + (-188)/w. Let c = -15 - j. What is the highest common divisor of c and 10?
2
Let v be 4*(-3)/(-12) - -395. Suppose -67*u + 144 = -63*u. Calculate the greatest common divisor of v and u.
36
Suppose 4*v - 80 = -5*l, 3*l + v = 62 - 14. Calculate the greatest common factor of 496 and l.
16
Let n(j) = -j**2 + 3*j + 214. Let m be n(-11). Calculate the highest common factor of m and 140.
20
Suppose -30 = -r + 3*w - 6*w, 3*r - 3*w - 42 = 0. What is the greatest common divisor of 96 and r?
6
Suppose 5695 = -15*b + 32*b. Calculate the highest common divisor of b and 10.
5
Suppose -r + 38 = r. Let l(y) = 10*y**2 - 4*y**2 - 21*y + r*y. Let n be l(-2). Calculate the greatest common divisor of n and 42.
14
Let x = -787 + -1805. Let o be (-4)/38 - (-5)/((-380)/x). Let l(y) = -101*y + 1. Let n be l(-1). Calculate the greatest common factor of n and o.
34
Let h = -16 + 22. Suppose 0 - 6 = h*s. Let a(z) = 54*z**2 - 2*z - 2. Let t be a(s). Calculate the greatest common divisor of t and 36.
18
Suppose 0 = -3*u - 7*n + 2*n + 51, 2*n = -6. Let d = -10 + u. Suppose -107 = -2*z + z + y, 2*z + 5*y = 221. What is the highest common factor of z and d?
12
Suppose 104 = 2*t - 2*u, -5*t - 5*u = -78 - 142. Calculate the greatest common factor of t and 744.
24
Let v(n) be the first derivative of 37*n**3/3 + n**2/2 - 7. Let o be v(-1). Let p = -36 - -60. What is the highest common factor of p and o?
12
Suppose 7968 = 8*h + 240. Calculate the greatest common divisor of h and 42.
42
Let x be ((-160)/(-56))/(2/7). Let b = 16 - x. Let r(g) = g**2 - 3*g - 4. Let f be r(-7). Calculate the greatest common divisor of b and f.
6
Let q = 165 - 143. Let t be (0 - 33)/(18/(-12)). What is the highest common divisor of q and t?
22
Suppose 0 = -617*h + 614*h + 66. Calculate the greatest common divisor of h and 33.
11
Suppose -s - 4*z = 2*s - 150, 4*z = -s + 42. What is the greatest common factor of 72 and s?
18
Let r(o) = -21*o - 4. Let g be r(1). Let a be (-5)/g + 102/15. Let h = 18 + 17. Calculate the highest common factor of h and a.
7
Let z = -344 + 414. What is the highest common divisor of 154 and z?
14
Suppose -2*b + 32*b = 1710. What is the highest common factor of 228 and b?
57
Let n = 125 + -13. What is the greatest common divisor of n and 48?
16
Let y(p) = 8*p + 4 + 8*p + 0*p. Let b be y(4). Let j = -11 - -28. What is the greatest common factor of j and b?
17
Suppose 3*w = 